 is the remainder when 2301 is divided by 572?
13
Calculate the remainder when 524 is divided by 306.
218
What is the remainder when 3325 is divided by 278?
267
What is the remainder when 343 is divided by 122?
99
Calculate the remainder when 286 is divided by 87.
25
Calculate the remainder when 460 is divided by 458.
2
Calculate the remainder when 1132 is divided by 71.
67
Calculate the remainder when 66 is divided by 12.
6
What is the remainder when 2023 is divided by 92?
91
What is the remainder when 441 is divided by 12?
9
What is the remainder when 415 is divided by 104?
103
Calculate the remainder when 216 is divided by 60.
36
Calculate the remainder when 8319 is divided by 755.
14
Calculate the remainder when 9027 is divided by 26.
5
What is the remainder when 1511 is divided by 126?
125
Calculate the remainder when 639 is divided by 34.
27
Calculate the remainder when 370 is divided by 93.
91
Calculate the remainder when 367 is divided by 8.
7
Calculate the remainder when 103 is divided by 13.
12
What is the remainder when 2437 is divided by 221?
6
Calculate the remainder when 515 is divided by 107.
87
Calculate the remainder when 3448 is divided by 25.
23
Calculate the remainder when 121 is divided by 34.
19
Calculate the remainder when 2232 is divided by 43.
39
Calculate the remainder when 1598 is divided by 16.
14
What is the remainder when 335 is divided by 57?
50
What is the remainder when 231 is divided by 108?
15
What is the remainder when 348 is divided by 7?
5
What is the remainder when 2574 is divided by 161?
159
Calculate the remainder when 640 is divided by 212.
4
Calculate the remainder when 5902 is divided by 36.
34
What is the remainder when 1689 is divided by 18?
15
Calculate the remainder when 114 is divided by 17.
12
What is the remainder when 6118 is divided by 410?
378
Calculate the remainder when 360 is divided by 150.
60
Calculate the remainder when 3755 is divided by 10.
5
What is the remainder when 328 is divided by 283?
45
What is the remainder when 246 is divided by 21?
15
What is the remainder when 23 is divided by 11?
1
What is the remainder when 166 is divided by 7?
5
What is the remainder when 322 is divided by 113?
96
Calculate the remainder when 125 is divided by 27.
17
What is the remainder when 57 is divided by 18?
3
What is the remainder when 177 is divided by 122?
55
Calculate the remainder when 476 is divided by 123.
107
Calculate the remainder when 1799 is divided by 223.
15
What is the remainder when 61 is divided by 32?
29
What is the remainder when 3286 is divided by 74?
30
Calculate the remainder when 312 is divided by 7.
4
Calculate the remainder when 6234 is divided by 312.
306
Calculate the remainder when 16 is divided by 1.
0
What is the remainder when 2856 is divided by 571?
1
Calculate the remainder when 598 is divided by 50.
48
What is the remainder when 1428 is divided by 77?
42
What is the remainder when 396 is divided by 99?
0
Calculate the remainder when 2539 is divided by 30.
19
What is the remainder when 838 is divided by 413?
12
What is the remainder when 632 is divided by 608?
24
Calculate the remainder when 389 is divided by 98.
95
Calculate the remainder when 813 is divided by 6.
3
What is the remainder when 9129 is divided by 12?
9
Calculate the remainder when 1951 is divided by 68.
47
What is the remainder when 267 is divided by 220?
47
What is the remainder when 22 is divided by 8?
6
What is the remainder when 237 is divided by 232?
5
Calculate the remainder when 226 is divided by 18.
10
What is the remainder when 373 is divided by 29?
25
What is the remainder when 608 is divided by 24?
8
Calculate the remainder when 240 is divided by 48.
0
What is the remainder when 334 is divided by 66?
4
What is the remainder when 4219 is divided by 21?
19
Calculate the remainder when 466 is divided by 7.
4
Calculate the remainder when 147 is divided by 28.
7
What is the remainder when 1058 is divided by 54?
32
What is the remainder when 450 is divided by 261?
189
Calculate the remainder when 899 is divided by 14.
3
What is the remainder when 221 is divided by 25?
21
Calculate the remainder when 373 is divided by 76.
69
What is the remainder when 160 is divided by 27?
25
What is the remainder when 295 is divided by 87?
34
Calculate the remainder when 380 is divided by 340.
40
Calculate the remainder when 625 is divided by 93.
67
What is the remainder when 575 is divided by 202?
171
What is the remainder when 1396 is divided by 140?
136
What is the remainder when 27 is divided by 20?
7
What is the remainder when 14737 is divided by 3?
1
What is the remainder when 78 is divided by 8?
6
What is the remainder when 306 is divided by 21?
12
Calculate the remainder when 1650 is divided by 517.
99
What is the remainder when 625 is divided by 21?
16
Calculate the remainder when 241 is divided by 9.
7
What is the remainder when 492 is divided by 16?
12
Calculate the remainder when 117 is divided by 22.
7
Calculate the remainder when 171 is divided by 20.
11
Calculate the remainder when 3239 is divided by 27.
26
What is the remainder when 315 is divided by 37?
19
What is the remainder when 529 is divided by 38?
35
Calculate the remainder when 45 is divided by 6.
3
Calculate the remainder when 238 is divided by 57.
10
What is the remainder when 431 is divided by 36?
35
What is the remainder when 132 is divided by 40?
12
What is the remainder when 80 is divided by 29?
22
Calculate the remainder when 6940 is divided by 131.
128
Calculate the remainder when 105 is divided by 8.
1
What is the remainder when 3314 is divided by 255?
254
Calculate the remainder when 33 is divided by 17.
16
What is the remainder when 237 is divided by 111?
15
What is the remainder when 373 is divided by 106?
55
Calculate the remainder when 323 is divided by 108.
107
Calculate the remainder when 2169 is divided by 25.
19
What is the remainder when 309 is divided by 78?
75
Calculate the remainder when 1905 is divided by 53.
50
What is the remainder when 66 is divided by 24?
18
Calculate the remainder when 1828 is divided by 158.
90
What is the remainder when 44 is divided by 16?
12
What is the remainder when 93 is divided by 20?
13
What is the remainder when 70 is divided by 13?
5
What is the remainder when 152 is divided by 27?
17
What is the remainder when 264 is divided by 2?
0
Calculate the remainder when 141 is divided by 61.
19
Calculate the remainder when 430 is divided by 9.
7
Calculate the remainder when 798 is divided by 50.
48
Calculate the remainder when 303 is divided by 28.
23
Calculate the remainder when 1817 is divided by 882.
53
What is the remainder when 1715 is divided by 78?
77
What is the remainder when 96 is divided by 67?
29
What is the remainder when 32 is divided by 25?
7
Calculate the remainder when 130 is divided by 19.
16
What is the remainder when 63 is divided by 34?
29
Calculate the remainder when 152 is divided by 26.
22
Calculate the remainder when 321 is divided by 146.
29
What is the remainder when 96 is divided by 42?
12
Calculate the remainder when 100 is divided by 52.
48
Calculate the remainder when 1502 is divided by 94.
92
What is the remainder when 83 is divided by 13?
5
Calculate the remainder when 210 is divided by 12.
6
Calculate the remainder when 1590 is divided by 145.
140
What is the remainder when 1041 is divided by 175?
166
Calculate the remainder when 69 is divided by 22.
3
Calculate the remainder when 225 is divided by 31.
8
Calculate the remainder when 698 is divided by 22.
16
Calculate the remainder when 750 is divided by 13.
9
What is the remainder when 148 is divided by 26?
18
Calculate the remainder when 127 is divided by 80.
47
What is the remainder when 1310 is divided by 69?
68
What is the remainder when 36 is divided by 4?
0
Calculate the remainder when 337 is divided by 3.
1
Calculate the remainder when 284 is divided by 265.
19
What is the remainder when 188 is divided by 27?
26
What is the remainder when 36988 is divided by 128?
124
What is the remainder when 1098 is divided by 273?
6
Calculate the remainder when 13 is divided by 10.
3
Calculate the remainder when 384 is divided by 128.
0
What is the remainder when 4569 is divided by 15?
9
Calculate the rema